e?
False
Is 25247 prime?
True
Is 123341 prime?
True
Is 8219 a prime number?
True
Is 4553 prime?
False
Is 139879 a prime number?
False
Is 147685 a composite number?
True
Is 223207 prime?
True
Is 38431 a composite number?
False
Is 118619 a composite number?
False
Is 562269 a prime number?
False
Is 88463 a composite number?
False
Is 20249 a composite number?
False
Is 75817 a composite number?
True
Is 4754 a composite number?
True
Is 15541 composite?
False
Is 10211 composite?
False
Is 721 prime?
False
Is 38089 composite?
True
Is 240299 a prime number?
False
Is 34027 composite?
True
Is 4631017 a composite number?
False
Is 1531743 a prime number?
False
Is 58021 a prime number?
False
Is 3983 a prime number?
False
Is 744493 a composite number?
False
Is 11915 prime?
False
Is 1045081 a prime number?
True
Is 54515 a prime number?
False
Is 133583 a composite number?
False
Is 1931 prime?
True
Is 11791 prime?
False
Is 1343053 composite?
True
Is 126163 composite?
True
Is 7379 a prime number?
False
Is 145303 prime?
True
Is 489194 composite?
True
Is 9511 composite?
False
Is 1699001 a composite number?
False
Is 397483 prime?
False
Is 104903 a prime number?
False
Is 1283 a prime number?
True
Is 21367 composite?
True
Is 216093 a composite number?
True
Is 4783 a composite number?
False
Is 6122 a composite number?
True
Is 217409 prime?
True
Is 42869 a prime number?
False
Is 7151 composite?
False
Is 17691 prime?
False
Is 3793921 prime?
True
Is 70607 a prime number?
True
Is 3048703 a composite number?
True
Is 3694 a prime number?
False
Is 6583 a prime number?
False
Is 61441 prime?
True
Is 108581 prime?
False
Is 57461 a prime number?
False
Is 552659 composite?
False
Is 44399 composite?
True
Is 16249 a prime number?
True
Is 17077 prime?
True
Is 93851 prime?
True
Is 1979 a prime number?
True
Is 5306737 a prime number?
False
Is 14621 a prime number?
True
Is 1475365 prime?
False
Is 78301 a prime number?
True
Is 1361 prime?
True
Is 228829 composite?
False
Is 127481 prime?
True
Is 159533 prime?
False
Is 8339 prime?
False
Is 2627 prime?
False
Is 104459 a prime number?
True
Is 220541 a composite number?
True
Is 15493 a composite number?
False
Is 1522 prime?
False
Is 511889 prime?
False
Is 50363 prime?
True
Is 49079 prime?
False
Is 68533 a composite number?
True
Is 253 a composite number?
True
Is 1373521 composite?
False
Is 1261253 composite?
True
Is 97771 composite?
False
Is 16301 a prime number?
True
Is 701 a composite number?
False
Is 2435 a prime number?
False
Is 10481 a composite number?
True
Is 126253 a composite number?
True
Is 31991 prime?
True
Is 15634 a composite number?
True
Is 221393 composite?
False
Is 3859 a prime number?
False
Is 4453349 a prime number?
True
Is 9647 composite?
True
Is 139543 a prime number?
False
Is 2741 a prime number?
True
Is 5583 prime?
False
Is 3518 composite?
True
Is 1369 a prime number?
False
Is 120011 a prime number?
True
Is 4609 a composite number?
True
Is 47777 prime?
True
Is 2159 prime?
False
Is 6606335 prime?
False
Is 13027 prime?
False
Is 6863 a prime number?
True
Is 27527 a prime number?
True
Is 2028127 a composite number?
True
Is 17957 a composite number?
False
Is 13309 prime?
True
Is 3763 composite?
True
Is 5939 prime?
True
Is 379 a composite number?
False
Is 2204753 composite?
True
Is 4357 a composite number?
False
Is 107171 prime?
True
Is 831293 a composite number?
True
Is 82021 composite?
False
Is 3746 prime?
False
Is 52373 prime?
False
Is 266909 prime?
True
Is 126653 composite?
False
Is 238573 composite?
False
Is 1361 a composite number?
False
Is 39313 a composite number?
False
Is 17833 prime?
False
Is 4886501 a prime number?
True
Is 218359 a prime number?
False
Is 34157 prime?
True
Is 69593 a prime number?
True
Is 46597 composite?
True
Is 23447 a prime number?
True
Is 46327 prime?
True
Is 60563 a prime number?
False
Is 402637 a composite number?
True
Is 21 a prime number?
False
Is 15397 prime?
False
Is 112699 a composite number?
True
Is 72211 a composite number?
False
Is 716249 prime?
True
Is 619933 prime?
False
Is 397473 a composite number?
True
Is 3847 composite?
False
Is 160933 composite?
False
Is 229399 prime?
True
Is 1847 a composite number?
False
Is 14233 composite?
True
Is 16411 a composite number?
False
Is 11401 composite?
True
Is 26293 a prime number?
True
Is 526151 a prime number?
False
Is 44927 composite?
False
Is 947167 composite?
True
Is 18323 prime?
False
Is 14621 a prime number?
True
Is 62817 prime?
False
Is 4493 a composite number?
False
Is 449 composite?
False
Is 169 prime?
False
Is 8663 composite?
False
Is 769 prime?
True
Is 23323 prime?
False
Is 482722 a prime number?
False
Is 7063 composite?
True
Is 16273 composite?
False
Is 32869 composite?
False
Is 24163 a prime number?
False
Is 16657 a prime number?
True
Is 134267 composite?
True
Is 75373 composite?
True
Is 1411 prime?
False
Is 408607 a composite number?
False
Is 52807 a prime number?
True
Is 838667 a composite number?
False
Is 457 prime?
True
Is 15685 a prime number?
False
Is 2043467 prime?
True
Is 31051 a composite number?
False
Is 1896407 prime?
True
Is 77819 a composite number?
True
Is 119359 a prime number?
True
Is 30931 composite?
False
Is 3389 composite?
False
Is 57871 a composite number?
True
Is 104087 prime?
True
Is 25549 composite?
True
Is 226934 prime?
False
Is 11369 a prime number?
True
Is 1009 a prime number?
True
Is 4578211 prime?
False
Is 10513 prime?
True
Is 9517 a prime number?
False
Is 125167 composite?
True
Is 11699 prime?
True
Is 110017 a composite number?
False
Is 24829 a prime number?
False
Is 20759 composite?
False
Is 919337 a prime number?
True
Is 882541 composite?
True
Is 858563 composite?
False
Is 12841 a prime number?
True
Is 30047 composite?
False
Is 32919 a prime number?
False
Is 94889 a prime number?
True
Is 1023163 composite?
False
Is 667649 a prime number?
True
Is 7613 composite?
True
Is 24394 composite?
True
Is 257639 prime?
True
Is 2018 a composite number?
True
Is 105613 prime?
True
Is 17203 a composite number?
False
Is 243833 a prime number?
False
Is 22771 a composite number?
True
Is 728881 composite?
False
Is 7067 composite?
True
Is 1677103 a composite number?
True
Is 1941 a composite number?
True
Is 15559 composite?
False
Is 209921 prime?
False
Is 8663 composite?
False
Is 94099 prime?
True
Is 9871 a composite number?
False
Is 19181 a composite number?
False
Is 755473 a composite number?
False
Is 30869 composite?
False
Is 168619 composite?
True
Is 1847 composite?
False
Is 950809 a composite number?
False
Is 445 a prime number?
False
Is 263 a composite number?
False
Is 156311 a prime number?
False
Is 161201 a composite number?
False
Is 515621 a prime number?
True
Is 15613 a composite number?
True
Is 676501 a prime number?
False
Is 57842 a composite number?
True
Is 149953 composite?
False
Is 272249 composite?
False
Is 23971 a composite number?
False
Is 7985 prime?
False
Is 30454 a prime number?
False
Is 1251287 prime?
True
Is 6761 a prime number?
True
Is 1226 a prime number?
False
Is 529097 a prime number?
True
Is 1595701 a prime number?
True
Is 70402 a composite number?
True
Is 50831 a prime number?
False
Is 455071 a composite number?
True
Is 546293 a prime number?
False
Is 843214 a composite number?
True
Is 418193 a composite number?
True
Is 20089 composite?
False
Is 17087 prime?
False
Is 151531 a prime number?
True
Is 24901 prime?
False
Is 669847 a prime number?
True
Is 74071 composite?
False
Is 143371 prime?
False
Is 10129 a prime number?
False
Is 74797 a composite number?
False
Is 60373 composite?
False
Is 437 a prime number?
False
Is 122123 a composite number?
True
Is 9917 composite?
True
Is 135559 composite?
False
Is 9649 composite?
False
Is 2933547 composite?
True
Is 122633 composite?
True
Is 325661 a composite number?
True
Is 95971 a prime number?
True
Is 4327 a prime number?
True
Is 63809 prime?
True
Is 627197 a prime number?
True
Is 19121 composite?
False
Is 31007 a prime number?
False
Is 6995 composite?
True
Is 1969 composite?
True
Is 2371 a composite number?
False
Is 11449 a composite number?
True
Is 14659 prime?
False
Is 449821 a prime number?
True
Is 1345 a composite number?
True
Is 18586 composite?
True
Is 4139 a composite number?
False
Is 1775261 composite?
False
Is 569651 a prime number?
False
Is 